 -2*z + 4*z + 5*u - 1452 = 0. Suppose 0 = -4*q + 320 + z. What is the hundreds digit of q?
2
What is the hundreds digit of ((-6)/(-6))/(4/780)?
1
Suppose 4*z - 12 = -s + 25, -2*z = 2*s - 26. Suppose 0 = -3*w + z*w. Suppose w = -4*o + o + 51. What is the tens digit of o?
1
Let j(m) = 3 + 1 - 3*m**2 + 2*m**2 + 6*m. Let g be j(3). Suppose 0 = 2*v - 37 - g. What is the units digit of v?
5
Let g be -1 + (-1 - -3 - -1). Suppose 5*f = -3*y + 160, 5*y - 233 = -g*f + 59. What is the tens digit of y?
6
Let z = -1358 - -1464. What is the units digit of z?
6
Suppose 10*q = -4799 + 26379. What is the tens digit of q?
5
Let l(f) = f**3 + 4*f**2 + 3*f + 3. Let c be l(-3). Suppose 2*a - c*j - 94 = 0, 0 = 2*j - 9 + 1. What is the units digit of a?
3
Suppose 0 = l + 2*l - 3*z - 33, 0 = 5*l - 3*z - 49. Let t = -9 + l. What is the units digit of (-3 - -4)/(t/(-2))?
2
Suppose 0 = -z + 3*r - 2, 4*z - 5*r - 4 - 23 = 0. What is the units digit of (-4)/26 + 119/z?
9
Let p(d) = d - 1. Let z be p(4). Suppose -3*c - z = -2*c. What is the tens digit of c - -23 - (-2 - 0)?
2
Suppose 0 = q - 7*q. Suppose q = r - 131 + 10. What is the units digit of r?
1
Suppose -3*r - 12 = 0, 0 = -p - 2*r - r - 8. Suppose t - d - 3 = -2*t, 0 = p*t + d - 11. Suppose -1 = -t*z - 11, 2*g + z - 65 = 0. What is the units digit of g?
5
Let n be (94/(-4))/((-5)/10). Let i = -31 - -42. Let t = i + n. What is the units digit of t?
8
Let z(t) = -t**3 + 22*t**2 - 37*t + 11. Let x(k) = k. Let b(u) = 5*x(u) - z(u). What is the units digit of b(20)?
9
Suppose 2*z - 159 = -3*g, -2*g + 20 + 58 = z. Let f = 132 - z. What is the tens digit of f?
4
Let q(h) = h**3 + 8*h**2 + 3*h - 8. Let x be q(-7). Suppose -x - 63 = -u. What is the units digit of u?
3
Suppose -3*x + 8199 = 5*u, 0 = 8*x - 11*x - 2*u + 8199. What is the hundreds digit of x?
7
Let t be (-2)/(-15) - (-296)/30. Let d(m) = -m + 24. What is the tens digit of d(t)?
1
Suppose 5 - 4 = -m. Let j be (-12)/(-18)*(17 - m). What is the tens digit of 3/2 + 270/j?
2
Let l(r) = -2*r + 6. Let z be l(1). Suppose z*w = 3*w + 5*h + 112, 2*w = -4*h + 196. What is the units digit of w?
2
Let d(m) = m + 10*m - 3 - 9*m + 0*m. Suppose 3*l = y + l - 13, -4*y + 41 = 3*l. What is the tens digit of d(y)?
1
Let g = 468 - -33. What is the tens digit of g?
0
Suppose -62*p = -64*p + 10516. What is the tens digit of p?
5
Let w = 13 + -10. Suppose -140 = 2*v - w*v. Suppose 3*y = -2*y + v. What is the units digit of y?
8
Let w = -2866 - -4665. What is the units digit of w?
9
Let l = -226 + 380. What is the tens digit of l?
5
Let v(b) = 11*b**2 + 39*b - 22. Let j be v(-7). Let q = 3 - 1. Suppose -4*u + j = -q*m, -1 - 55 = -u + 3*m. What is the units digit of u?
2
Let j(s) = -10 + 10 - 23*s + 7*s - 2*s**2. Let z be j(-8). Suppose z*x + 102 = 3*x. What is the tens digit of x?
3
Suppose -r - 11*n + 4772 = -7*n, 0 = -3*r - 2*n + 14276. What is the thousands digit of r?
4
Suppose 0 = b + 3, -4*z + 2*b + 907 = -2075. What is the units digit of z?
4
Let l(u) = -3*u - 6. Let k be l(7). Let q = k + 32. What is the units digit of q?
5
Let u(b) = -b**3 - 5*b**2 - 4*b - 17. Let i be u(-5). Suppose -3*l = -i, -f = 3*f - l - 371. What is the units digit of f?
3
Let k(l) = l**2 - 33*l - 11. What is the units digit of k(44)?
3
Suppose 1687 = 8*u - 281. Suppose -u = -x - 5*x. What is the units digit of x?
1
Suppose 3*d = -6 + 21. Suppose -6 = 2*z + 4, 5*j = z + d. Suppose j = -2*o - 4*o + 168. What is the units digit of o?
8
Suppose 13*n - 1620 = -2*n. Suppose 14*f - 10*f - n = 0. What is the tens digit of f?
2
Let m = 27 + -23. Suppose m*t + 5*z + 89 = 5*t, -2*z = -t + 77. What is the units digit of t?
9
Let a(d) = -4*d + 34. Let m be a(9). What is the tens digit of (-175)/(-2) - -3*m/12?
8
What is the tens digit of (-9470)/(-14) - (-4)/7 - 8?
6
Let k(x) = 11*x**2 + 16 - x**3 - 9*x + x**2 - 7*x + 4*x. Let y be k(11). Suppose -y*i = -r + 17 + 20, 0 = -5*i - 5. What is the tens digit of r?
3
Let n(j) be the second derivative of 13*j**7/504 - j**4 + 9*j. Let f(o) be the third derivative of n(o). What is the tens digit of f(-1)?
6
Let g(u) = u**3 + 26*u**2 + 19*u - 36. What is the thousands digit of g(-10)?
1
Let d(t) = 0 + 5 - 5 - 96*t - 1. What is the tens digit of d(-1)?
9
Let t(w) = -w**3 - 21*w**2 + 10*w + 4. Let c be t(10). What is the hundreds digit of 6/(-4)*c/42?
1
Let k = -19 + 24. Suppose o + 25 = k*x - 4*o, -5*x + 41 = -o. Suppose -x - 11 = -b. What is the tens digit of b?
2
Let r(v) = 3*v**2 - 26*v + 43. What is the units digit of r(21)?
0
Let b = 62 - -15. What is the units digit of b?
7
Let u(a) = 4*a**2 - 21. Let w be ((-75)/(-60))/(1/4). What is the tens digit of u(w)?
7
Let r = 1425 + -262. What is the thousands digit of r?
1
Let v(y) = y**2 - y - 4. Let p be v(3). Let c = 141 - 123. Suppose -t - p*n = 3*n - 16, -t - 4*n + c = 0. What is the units digit of t?
6
Suppose -4*l = -4*f - 3650 - 2230, 2*f = -5*l + 7378. What is the units digit of l?
4
Let z(y) = 4*y**2 + 4*y + 1. Let d(o) = o + 7. Suppose -65 = -2*q + 6*q - 5*h, 3*q - 3*h = -45. Let p be d(q). What is the tens digit of z(p)?
2
Let l(t) be the third derivative of -7*t**4/24 - 5*t**2. Let y be l(-8). Suppose 4*b + 2*s = -2*s + 32, -4*b + 4*s = -y. What is the tens digit of b?
1
Let w(n) = 33*n**2 - 3*n + 11. What is the hundreds digit of w(3)?
2
Let i be (-3152)/(-208) + (-2)/13. What is the tens digit of 544/6 + -5*2/i?
9
Let q be 3/(-2)*(-16)/(-12). Let r be (-10)/q*(-6)/(-2). Let g = r + 14. What is the units digit of g?
9
Let c be 4 - (4/(-14) + 495/(-105)). Let i be 0 + 159 + 1/1. Suppose -c*z + 5*z = -i. What is the units digit of z?
0
Let o = 215 + 0. Suppose -o = -5*y + 70. What is the tens digit of y?
5
Let m(u) = 8 - u - 8*u + u + 5*u. What is the tens digit of m(-7)?
2
Let h = -261 - -419. What is the units digit of h?
8
Suppose -2*u = -3*d - 4*u + 8, -2*d - 3*u = 3. Let x be 308/d - 8/(-12). Let g = -28 + x. What is the tens digit of g?
2
Let b = 75 - -222. Let i = 477 - b. What is the tens digit of i?
8
Suppose -4*b - 6*x + 4*x + 20 = 0, 2*x = -3*b + 17. Suppose -112 = -r - 4*r - f, b*r - 57 = -4*f. What is the units digit of r?
3
Suppose 0*k + 10 = -k + 5*z, 3 = -3*z. Let q = -15 - k. Suppose q = 3*y - 3*g - 117, -89 = -3*y + 4*g - 8*g. What is the tens digit of y?
3
Suppose 4*b - 10 - 2 = 0. Let k = b - 0. Suppose d = -2*p - 1 - 5, k*d - 32 = 4*p. What is the units digit of d?
4
Suppose -26*b + 71*b - 42795 = 0. What is the hundreds digit of b?
9
Let j = 36 + -32. Suppose 2*n = 8, 4*n - 7*n + 28 = j*m. What is the tens digit of (-1 + 2)/(m/52)?
1
Suppose -2632 = -5*w + 308. What is the tens digit of w?
8
Let s(q) = -17*q - 24. Let f(w) = -4*w + 63. Let z be f(18). What is the hundreds digit of s(z)?
1
Let z(n) = -8*n**3 - n + 1. Let y be z(1). Let h(l) = -l**3 - 8*l**2 - 15*l + 9. What is the tens digit of h(y)?
2
Let f = -17 + 13. Let h(m) be the second derivative of m**4/4 - m**3/6 + 3*m**2/2 + 16*m. What is the tens digit of h(f)?
5
Let j(d) = -4*d. Let u be j(-2). Suppose 2*f = -3*l + 190, -3*l = -u*l + 4*f + 302. What is the units digit of l?
2
Suppose -5*d + 13*k + 510 = 11*k, 0 = d - 2*k - 102. What is the units digit of d?
2
Suppose -5*o + 14 - 5 = 2*f, -3*o = 4*f - 39. Let s be 1 - (f/(-4) - 18). Suppose 2*c = s - 0. What is the tens digit of c?
1
Let p = 26 - 25. What is the units digit of p?
1
Let w(z) = 76*z + 5. What is the units digit of w(6)?
1
Let p = -93 + 148. What is the units digit of p?
5
Suppose -3*d - 43 - 137 = 0. What is the tens digit of (-15)/d + 59/4?
1
Let q be (-18)/8 + 10/40. What is the units digit of (3 + q)/((-2)/(-62))?
1
Suppose -3*o - l = -1456, -5*o + 2052 = -3*l - 384. What is the units digit of o?
6
Let z(d) = d**2 + d. Let g(n) = n**2 - 4*n - 3. Let t(a) = g(a) + 5*z(a). What is the tens digit of t(3)?
5
Suppose 4*z - 56 = 4*s, -6*z = 3*s - 5*z + 58. What is the tens digit of (6 - 4275/s) + (-6)/(-4)?
4
What is the hundreds digit of ((-2156)/(-14))/((-2)/(-13))?
0
Let l(k) = 0 + k - 5 - 5 + 2. Let x be l(6). Let v = x - -25. What is the units digit of v?
3
Let c = -8 + 191. What is the hundreds digit of c?
1
Let l = 80 + -9. Suppose -5*s = -4*h - 152, 4*s - h - 55 = l. What is the units digit of s?
2
What is the units digit of 19/(-114) + (-5798)/(-12)?
3
Let f b